f be a(6). Suppose 511 + f = 9*c. What is the hundreds digit of c?
1
Suppose 3*s - 132 = u + 692, -5*s + 3*u = -1380. What is the tens digit of s?
7
Suppose 9 = 4*c - c. Let l(z) = -7 + 0*z + c + 4*z + z**2. What is the units digit of l(-5)?
1
Suppose 5*t + 0*t - 2*h = 85, 5*h = -2*t + 34. Let c = -4 + t. What is the tens digit of c?
1
Suppose 0 = a - 3*a. Suppose a = -5*l - 20, -6 + 2 = 2*t - l. Let f = t - -36. What is the units digit of f?
2
Let z(s) = 8*s**3 - 12*s**2 + 3*s - 19. What is the tens digit of z(5)?
9
Let o(j) = 333*j**2 - 54*j - 170. What is the thousands digit of o(-3)?
2
What is the units digit of 24/6*(-131)/(-2)?
2
Suppose -15 = -5*d + 5. Suppose d*p + 0*o = 5*o + 12, -3*o - 4 = -2*p. What is the units digit of p?
8
Suppose -8*a = 5*y - 4*a - 5759, -4*y = 4*a - 4604. What is the tens digit of y?
5
What is the units digit of 109 - ((-9)/(-1))/(-9)?
0
What is the tens digit of (156/(-9))/(10/585*-3)?
3
Let b be 0/((4 - 2) + 0). Suppose b = 3*q + 4*u - 224, -4*u - 116 = -3*q + 140. Let l = q - 52. What is the tens digit of l?
2
Let g(a) = a**2 + 3*a + 6. Suppose 5*z - p = 19, -4*z - 2*p = -5*z + 11. Suppose 6*h + 18 = -2*m + 4*h, -z*m - 28 = 4*h. What is the tens digit of g(m)?
4
Let l = 113 - 138. Let y = 125 + l. What is the tens digit of y?
0
Suppose 5*f - 2*j = -3*j + 15542, j - 2 = 0. What is the units digit of f?
8
Suppose 0 = 2*z + 2*a - 52, 0 = 4*z - 2*a - 40 - 88. Let g = -27 + z. What is the units digit of g?
3
Let l(u) = 16*u - 2 - u**3 - 77*u**2 + 91*u**2 + 13. What is the tens digit of l(15)?
2
Let m be (10/(-15))/((-1)/3). Suppose m = -4*c + 10. Suppose c*f = 5*f - 54. What is the units digit of f?
8
Let z be (-81)/(-12)*(-76)/(-57). Let p(d) = -d**2 + 2*d + 2. Let o(h) = h**2 - 2*h - 3. Let l(y) = 5*o(y) + 4*p(y). What is the tens digit of l(z)?
5
Let n be (-3)/(-5) - 6/10. Suppose n = o - 2 - 2. Let u(x) = 2*x**2 - 4*x - 3. What is the units digit of u(o)?
3
Let l(y) = 86*y + 74. What is the units digit of l(6)?
0
Let a(r) = -3. Let m(y) = -y + 1. Let u(j) = 5*a(j) + 5*m(j). Let h be u(7). Let f = h - -72. What is the units digit of f?
7
Let m be (14/8)/((-3)/12). Let b = 4 + m. What is the units digit of -1*(b/3 - 4)?
5
Let p(l) be the first derivative of -l**3/3 + 11*l**2/2 + 9*l + 2. Let w be p(12). What is the units digit of -2*(0 + -1 + w)?
8
Let z = 533 - 337. What is the tens digit of z?
9
Let f = -21 - -147. Suppose -f = -21*r + 18*r. What is the tens digit of r?
4
What is the units digit of 12 + 531/(-45) - 29/(-5)?
6
Suppose -3*y + 1353 = -3*x, x - 1355 = -3*y + 2*x. What is the hundreds digit of y?
4
Let r(a) = 2*a - 3. Let d be r(3). Suppose d*j = -0*j. Suppose j = 3*b - 56 - 13. What is the tens digit of b?
2
Suppose 9 = -4*k + 157. Suppose 174 = 3*y - 177. Suppose 4*b + k = y. What is the tens digit of b?
2
Let u be (2/(-3))/(-2*(-2)/6). What is the tens digit of ((-438)/4)/(u + (-5)/(-20))?
4
Suppose -746 = -2*i + 4*w, 4*i + w = 2*i + 741. What is the units digit of i?
1
Suppose -25*z = -9567 - 8808. What is the tens digit of z?
3
Let v(p) = p**2 - 4*p + 2. Let l be v(4). Let n be -1 - 2 - (-144)/l. Let f = n + -46. What is the tens digit of f?
2
Suppose 3*b - 25 + 95 = -a, 3*a - 54 = 3*b. Let l = b - -27. What is the units digit of l - 1 - (-10 + -1)?
5
Suppose -3*c + 34 = 5*k + c, 4*k - 4*c - 56 = 0. What is the tens digit of k?
1
Suppose -41*z + 14839 = -22*z. What is the tens digit of z?
8
Suppose -4422 = -3*m + 4*c - 1447, -4*m = 5*c - 3946. What is the units digit of m?
9
Let l(a) = -a**3 - 4*a**2 - 2*a - 5. Let w be l(-4). Let c(m) be the third derivative of 17*m**4/24 + m**3/6 + 2*m**2. What is the units digit of c(w)?
2
Let x = -13 - -17. Suppose 5*k = 3*j + x*k - 165, -4*j = -3*k - 225. What is the tens digit of j?
5
Suppose -2*v + 17 = -29. Suppose 5*a - 46 = -2*r, -4*r + 4*a = -v - 13. Let s = r + 15. What is the tens digit of s?
2
Let p = 90 + 93. What is the units digit of p?
3
Let v be 3 - 0/2 - 1. Suppose 0 = -5*k - 5*r + 35 + 5, -v*r + 22 = 4*k. What is the units digit of (2 - k)*(-12)/2?
6
Let c = 479 + -73. What is the units digit of c?
6
Let c(a) be the first derivative of -a**4/4 + 10*a**3/3 + 7*a**2/2 - 3*a - 4. What is the hundreds digit of c(9)?
1
Let r = 17 + 8. What is the tens digit of r - ((-4)/(-4) - -2)?
2
Let n(t) = -2*t + 13. Let r be n(6). Let j(y) = 176*y. Let b be j(r). Suppose p = -4*x + b, -3*x + 57 = -p - 68. What is the units digit of x?
3
Let v(m) = -151*m - 300. What is the thousands digit of v(-20)?
2
Let a = 9 - -5. Suppose 0*i = 2*y + i - a, 4*i = -5*y + 41. Suppose -y*g - 4 = -g, 173 = 3*f + 4*g. What is the tens digit of f?
5
Suppose -35 = j - 19. Let k = 106 - j. What is the units digit of k?
2
Let i = 1061 - 568. What is the units digit of i?
3
Suppose 7*y - 3*y + r - 113 = 0, 5*r = -3*y + 89. Suppose y - 8 = 4*c. Suppose -3*a + 58 = -5*w, -c*a + 3*w + 88 = -w. What is the tens digit of a?
1
Suppose -5*c - 2*x - 2*x + 1960 = 0, -c = -3*x - 411. Suppose -c = -5*a + 4*u, -5*u + 3*u - 236 = -3*a. What is the units digit of a?
6
What is the units digit of 18 + 1 - (7 + 0)?
2
Let k be 2 - ((-9351)/15 - (-9)/(-15)). Suppose -5*t - k + 67 = -3*v, 5*v = 4*t + 936. What is the hundreds digit of v?
1
Suppose 4*q + 20 = 8*q, -3*q = 4*l - 427. What is the hundreds digit of l?
1
Let s be -3 - (1 + -8 + -1). Let p be (49 - 2) + 1 + 1. Suppose 0 = 4*y + 4*x + p - 145, -s*y + 102 = -4*x. What is the units digit of y?
2
Let y = 68 - 49. What is the tens digit of 755/3 + y/57?
5
What is the tens digit of ((-1 - -185)/(-4))/(4/(-52))?
9
Suppose 15 - 60 = 4*p - 3*h, -5*p + 4*h = 57. Let t = -3 - p. What is the tens digit of ((-39)/(-9))/(2/t)?
1
Suppose -4*j + 4*d + 4576 = 0, j - 1156 = 8*d - 3*d. What is the units digit of j?
1
Suppose x + 4*a + 2 = 0, -3*a = 9 - 0. Let u = 11 - x. Suppose -i + 3 = -u. What is the units digit of i?
4
Suppose 11*c = 28*c - 3536. What is the units digit of c?
8
Let l be (2/1 - 2)*1 + 90. Suppose 2*k = l - 16. What is the units digit of k?
7
Let t be (32/20)/((-1)/5). Let o = t - -10. Suppose -2*p + 6 = -5*h - 20, 2*p - o*h - 38 = 0. What is the units digit of p?
3
Let y be (1 + 1 - 3)*-23. Let f = -20 + y. Let x(w) = 4*w**2 + w - 1. What is the tens digit of x(f)?
3
Let d(v) = v**2 - 3*v - 58. Let u be d(-20). Let p = u + -235. What is the hundreds digit of p?
1
What is the tens digit of (1 + -6)*(-11)/((-440)/(-4112))?
1
Let g be (-2)/(12/(-45))*16/20. Suppose 5*o = -4*k + 376, -4*o - 3*k - 155 = -g*o. What is the units digit of o?
6
Let d(i) = -2*i**2 - 13*i + 2. Let o be d(-6). Suppose -o*q + 2*q = -558. What is the units digit of q?
3
Suppose -20 + 75 = 5*n - 5*s, -5*n + 2*s + 49 = 0. Let z(t) = 2*t**3 - 16*t**2 - 12*t - 11. What is the tens digit of z(n)?
4
Suppose -36 = l + 5*l. Let g(b) = -b**3 - b**2 + 10*b + 12. What is the tens digit of g(l)?
3
Let q = -891 - -1531. What is the tens digit of q?
4
Suppose -3*n - 2*h = -1727, -4*n - 57*h + 61*h + 2296 = 0. What is the units digit of n?
5
Let k(i) = 2*i - 10. Let a be k(7). Suppose h - a*h = -36. What is the tens digit of (4/5)/(h/150)?
1
Let w = 224 + 57. What is the hundreds digit of w?
2
What is the units digit of 5/2*(-135524)/(-170)?
3
Suppose -5*p + 0 - 20 = 0, 5*p = c - 2309. What is the thousands digit of c?
2
Let p(l) = -l**3 - 6*l**2 + 15*l - 4. What is the hundreds digit of p(-11)?
4
Suppose 2*r = 4*s + 140 + 854, 4*r = s + 2023. What is the tens digit of r?
0
Suppose 8*v - 1344 = 360. Suppose -2*c + 655 - v = 0. What is the units digit of c?
1
Let t = -46 + 62. What is the units digit of (2/(t/(-44)))/(1/(-14))?
7
Let p = -53 + 54. What is the units digit of (-1 + 251)/1*p/2?
5
Suppose 189 = -5*c - 71. Let x(l) = 7*l + 4. Let h be x(-5). Let a = h - c. What is the tens digit of a?
2
Let z = 241 - 202. What is the tens digit of z?
3
Suppose 11*q + 10*q - 2667 = 0. What is the hundreds digit of q?
1
Let l be 0/(-5) + 2 + 4. Let q(j) = 6*j**2 + 2*j + 31. What is the hundreds digit of q(l)?
2
Let r = 11 + -9. Let t be (1 + -1)/(1 - r). Suppose 4*k = -5*a + 47, -5*k = -t*k + 4*a - 52. What is the units digit of k?
8
Suppose 0 = -5*g + 218 + 1007. What is the units digit of g?
5
Let d(i) = -i**3 - 7*i**2 - i - 10. Suppose z - 2*p = -13, -5*z + 3*p = p + 41. Let a be d